{"id":18729,"date":"2023-09-01T14:52:38","date_gmt":"2023-09-01T12:52:38","guid":{"rendered":"https:\/\/www.binder-optik.de\/buelten-kayit-onayiniz\/"},"modified":"2025-04-17T10:51:59","modified_gmt":"2025-04-17T08:51:59","slug":"buelten-kayit-onayiniz","status":"publish","type":"page","link":"https:\/\/www.binder-optik.de\/tr\/buelten-kayit-onayiniz\/","title":{"rendered":"B\u00fclten kay\u0131t onay\u0131n\u0131z"},"content":{"rendered":"\n<section class=\"wp-block-custom-container alignwide block-content  block-content--spacing-top block-content--margin-top\"><style>.block-content{position:relative}.block-content--spacing-top{padding-top:2rem}@media (min-width: 992px){.block-content--spacing-top{padding-top:4rem}}.block-content--spacing-bottom{padding-bottom:2rem}@media (min-width: 992px){.block-content--spacing-bottom{padding-bottom:4rem}}.block-content--margin-top{margin-top:2rem}@media (min-width: 992px){.block-content--margin-top{margin-top:4rem}}.block-content--margin-bottom{margin-bottom:2rem}@media (min-width: 992px){.block-content--margin-bottom{margin-bottom:4rem}}.block-content.z-index{position:relative;z-index:2}.block-content .container{position:relative;z-index:1}.block-content .container--full{padding:0}.block-content .container .container{padding:2rem}@media (min-width: 992px){.block-content .container .container{padding:4rem}}.block-content .container-overlay{position:absolute;z-index:0;top:0;right:0;bottom:0;left:0}.block-content.career-container{margin-top:-8rem;z-index:2;pointer-events:none}.block-content.career-container .block-content{pointer-events:all;-webkit-box-shadow:0px 0px 15px 5px rgba(0,0,0,0.1);box-shadow:0px 0px 15px 5px rgba(0,0,0,0.1)}.block-content.career-container .wp-block-custom-column{margin-bottom:0}\n<\/style><div class=\"container container--wide\"><div class=\"container__body\">\n<h1 class=\"wp-block-heading\">B\u00fclten kay\u0131t onay\u0131n\u0131z<\/h1>\n\n\n\n<p>Binder Optik haber b\u00fcltenine abone oldu\u011funuz i\u00e7in te\u015fekk\u00fcr ederiz. Art\u0131k optik ve moda alanlar\u0131ndan heyecan verici haberlerin yan\u0131 s\u0131ra cazip teklifleri d\u00f6rt g\u00f6zle bekleyebilirsiniz. <\/p>\n\n\n\n<p>Barkodlu ki\u015fiselle\u015ftirilmi\u015f kuponunuz k\u0131sa s\u00fcre i\u00e7inde size e-posta ile g\u00f6nderilecektir.<br\/>L\u00fctfen bu kuponun \u00e7\u0131kt\u0131s\u0131n\u0131 al\u0131n ve uzman ma\u011fazalar\u0131m\u0131zdan birinden yapaca\u011f\u0131n\u0131z bir sonraki al\u0131\u015fveri\u015finizde yan\u0131n\u0131zda getirin.<\/p>\n\n\n\n<div style=\"height:2rem\" aria-hidden=\"true\" class=\"wp-block-spacer\"><\/div>\n\n\n<style>.wp-block-image.alignright{margin:0 !important}.wp-block-image.alignleft{float:none !important}.wp-block-image .wp-element-caption{text-align:left}\n<\/style>\n<figure class=\"wp-block-image size-large\"><img loading=\"lazy\" decoding=\"async\" width=\"1024\" height=\"356\" src=\"https:\/\/www.binder-optik.de\/wp-content\/uploads\/2023\/10\/2023_10_25-Newsletter_1536x534_01-1024x356.jpg\" alt=\"Binder Optik\" class=\"wp-image-5061\" title=\"\" srcset=\"https:\/\/www.binder-optik.de\/wp-content\/uploads\/2023\/10\/2023_10_25-Newsletter_1536x534_01-1024x356.jpg 1024w, https:\/\/www.binder-optik.de\/wp-content\/uploads\/2023\/10\/2023_10_25-Newsletter_1536x534_01-906x315.jpg 906w, https:\/\/www.binder-optik.de\/wp-content\/uploads\/2023\/10\/2023_10_25-Newsletter_1536x534_01-300x104.jpg 300w, https:\/\/www.binder-optik.de\/wp-content\/uploads\/2023\/10\/2023_10_25-Newsletter_1536x534_01-768x267.jpg 768w, https:\/\/www.binder-optik.de\/wp-content\/uploads\/2023\/10\/2023_10_25-Newsletter_1536x534_01-1536x534.jpg 1536w, https:\/\/www.binder-optik.de\/wp-content\/uploads\/2023\/10\/2023_10_25-Newsletter_1536x534_01-524x182.jpg 524w, https:\/\/www.binder-optik.de\/wp-content\/uploads\/2023\/10\/2023_10_25-Newsletter_1536x534_01.jpg 1920w\" sizes=\"auto, (max-width: 1024px) 100vw, 1024px\" \/><\/figure>\n<\/div><\/div><\/section>\n\n<section class=\"wp-block-custom-container alignwide block-content  block-content--spacing-top block-content--spacing-bottom\"><div class=\"container container--wide\"><div class=\"container__body\">\n<p class=\"has-normal-font-size\">* T\u00fcm Binder Optik \u00f6zel ma\u011fazalar\u0131nda 50 Euro de\u011ferinde g\u00f6zl\u00fck veya g\u00fcne\u015f g\u00f6zl\u00fc\u011f\u00fc sat\u0131n al\u0131nd\u0131\u011f\u0131nda kullan\u0131labilir. Kontakt lensler ve bak\u0131m \u00fcr\u00fcnleri i\u00e7in ge\u00e7erli de\u011fildir. Nakit \u00f6deme m\u00fcmk\u00fcn de\u011fildir. Her al\u0131\u015fveri\u015fte sadece bir kupon kullan\u0131labilir.   <\/p>\n<\/div><\/div><\/section>\n","protected":false},"excerpt":{"rendered":"","protected":false},"author":13,"featured_media":0,"parent":0,"menu_order":0,"comment_status":"closed","ping_status":"closed","template":"","meta":{"_acf_changed":false,"footnotes":""},"class_list":["post-18729","page","type-page","status-publish","hentry"],"acf":[],"publishpress_future_action":{"enabled":false,"date":"2026-05-07 15:31:59","action":"change-status","newStatus":"draft","terms":[],"taxonomy":"translation_priority","extraData":[]},"publishpress_future_workflow_manual_trigger":{"enabledWorkflows":[]},"_links":{"self":[{"href":"https:\/\/www.binder-optik.de\/tr\/wp-json\/wp\/v2\/pages\/18729","targetHints":{"allow":["GET"]}}],"collection":[{"href":"https:\/\/www.binder-optik.de\/tr\/wp-json\/wp\/v2\/pages"}],"about":[{"href":"https:\/\/www.binder-optik.de\/tr\/wp-json\/wp\/v2\/types\/page"}],"author":[{"embeddable":true,"href":"https:\/\/www.binder-optik.de\/tr\/wp-json\/wp\/v2\/users\/13"}],"replies":[{"embeddable":true,"href":"https:\/\/www.binder-optik.de\/tr\/wp-json\/wp\/v2\/comments?post=18729"}],"version-history":[{"count":1,"href":"https:\/\/www.binder-optik.de\/tr\/wp-json\/wp\/v2\/pages\/18729\/revisions"}],"predecessor-version":[{"id":18732,"href":"https:\/\/www.binder-optik.de\/tr\/wp-json\/wp\/v2\/pages\/18729\/revisions\/18732"}],"wp:attachment":[{"href":"https:\/\/www.binder-optik.de\/tr\/wp-json\/wp\/v2\/media?parent=18729"}],"curies":[{"name":"wp","href":"https:\/\/api.w.org\/{rel}","templated":true}]}}

Bülten kayıt onayınız

<section class="wp-block-custom-container alignwide block-content  block-content--spacing-top block-content--margin-top"><style>.block-content{position:relative}.block-content--spacing-top{padding-top:2rem}@media (min-width: 992px){.block-content--spacing-top{padding-top:4rem}}.block-content--spacing-bottom{padding-bottom:2rem}@media (min-width: 992px){.block-content--spacing-bottom{padding-bottom:4rem}}.block-content--margin-top{margin-top:2rem}@media (min-width: 992px){.block-content--margin-top{margin-top:4rem}}.block-content--margin-bottom{margin-bottom:2rem}@media (min-width: 992px){.block-content--margin-bottom{margin-bottom:4rem}}.block-content.z-index{position:relative;z-index:2}.block-content .container{position:relative;z-index:1}.block-content .container--full{padding:0}.block-content .container .container{padding:2rem}@media (min-width: 992px){.block-content .container .container{padding:4rem}}.block-content .container-overlay{position:absolute;z-index:0;top:0;right:0;bottom:0;left:0}.block-content.career-container{margin-top:-8rem;z-index:2;pointer-events:none}.block-content.career-container .block-content{pointer-events:all;-webkit-box-shadow:0px 0px 15px 5px rgba(0,0,0,0.1);box-shadow:0px 0px 15px 5px rgba(0,0,0,0.1)}.block-content.career-container .wp-block-custom-column{margin-bottom:0}
</style><div class="container container--wide"><div class="container__body">
<h1 class="wp-block-heading">Bülten kayıt onayınız</h1>



<p>Binder Optik haber bültenine abone olduğunuz için teşekkür ederiz. Artık optik ve moda alanlarından heyecan verici haberlerin yanı sıra cazip teklifleri dört gözle bekleyebilirsiniz. </p>



<p>Barkodlu kişiselleştirilmiş kuponunuz kısa süre içinde size e-posta ile gönderilecektir.<br/>Lütfen bu kuponun çıktısını alın ve uzman mağazalarımızdan birinden yapacağınız bir sonraki alışverişinizde yanınızda getirin.</p>



<div style="height:2rem" aria-hidden="true" class="wp-block-spacer"></div>


<style>.wp-block-image.alignright{margin:0 !important}.wp-block-image.alignleft{float:none !important}.wp-block-image .wp-element-caption{text-align:left}
</style>
<figure class="wp-block-image size-large"><img loading="lazy" decoding="async" width="1024" height="356" src="https://www.binder-optik.de/wp-content/uploads/2023/10/2023_10_25-Newsletter_1536x534_01-1024x356.jpg" alt="Binder Optik" class="wp-image-5061" title="" srcset="https://www.binder-optik.de/wp-content/uploads/2023/10/2023_10_25-Newsletter_1536x534_01-1024x356.jpg 1024w, https://www.binder-optik.de/wp-content/uploads/2023/10/2023_10_25-Newsletter_1536x534_01-906x315.jpg 906w, https://www.binder-optik.de/wp-content/uploads/2023/10/2023_10_25-Newsletter_1536x534_01-300x104.jpg 300w, https://www.binder-optik.de/wp-content/uploads/2023/10/2023_10_25-Newsletter_1536x534_01-768x267.jpg 768w, https://www.binder-optik.de/wp-content/uploads/2023/10/2023_10_25-Newsletter_1536x534_01-1536x534.jpg 1536w, https://www.binder-optik.de/wp-content/uploads/2023/10/2023_10_25-Newsletter_1536x534_01-524x182.jpg 524w, https://www.binder-optik.de/wp-content/uploads/2023/10/2023_10_25-Newsletter_1536x534_01.jpg 1920w" sizes="auto, (max-width: 1024px) 100vw, 1024px" /></figure>
</div></div></section>

<section class="wp-block-custom-container alignwide block-content  block-content--spacing-top block-content--spacing-bottom"><div class="container container--wide"><div class="container__body">
<p class="has-normal-font-size">* Tüm Binder Optik özel mağazalarında 50 Euro değerinde gözlük veya güneş gözlüğü satın alındığında kullanılabilir. Kontakt lensler ve bakım ürünleri için geçerli değildir. Nakit ödeme mümkün değildir. Her alışverişte sadece bir kupon kullanılabilir.   </p>
</div></div></section>
